{"id":127,"date":"2024-11-08T09:10:33","date_gmt":"2024-11-08T09:10:33","guid":{"rendered":"https:\/\/www.fewo-rb.de\/wpics\/?page_id=127"},"modified":"2025-08-27T13:51:01","modified_gmt":"2025-08-27T11:51:01","slug":"preise","status":"publish","type":"page","link":"https:\/\/www.fewo-rb.de\/index.php\/preise\/","title":{"rendered":"Preise"},"content":{"rendered":"\n<h2 class=\"wp-block-heading\">ab 80\u20ac pro Nacht<\/h2>\n\n\n\n<p>\u2022 f\u00fcr 2 Personen<br>\u2022 Mindest\u00fcbernachtungen: 3 N\u00e4chte<br>\u2022 jede weitere Person: 10 \u20ac pro Nacht (max. 4 Personen gesamt)<br>\u2022 70 \u20ac Aufpreis f\u00fcr Kurzbuchung bis 4 N\u00e4chte (ab der 5. \u00dcbernachtung entf\u00e4llt der Aufpreis)<br>\u2022 Hund: Ein Hund ist im Preis inbegriffen, der zweite Hund kostet 25 \u20ac pro Aufenthalt<br>\u2022 der Mietpreis ist inkl. aller Nebenkosten<br>\u2022 Parkplatz&nbsp;inklusive<br>\u2022 Bettw\u00e4sche&nbsp;inklusive<br>\u2022 Toilettenpapier&nbsp;inklusive<br>\u2022 K\u00fcchent\u00fccher\/K\u00fcchenrolle\/diverse Gew\u00fcrze\/Kaffee\/Tees\/Sp\u00fclmittel\/ Sp\u00fclmaschinentabs inklusive<br>\u2022 Hand- und Badet\u00fccher\/Duschvorleger\/Handseife inklusive<\/p>\n\n\n\n<h2 class=\"wp-block-heading has-medium-font-size\">Stornierung und Aufenthaltsabbruch<\/h2>\n\n\n\n<p>K\u00fcndigung&nbsp;<\/p>\n\n\n\n<p>Bis 14 Tage vor Mietbeginn: kostenfreie Stornierung&nbsp;<\/p>\n\n\n\n<p>Sp\u00e4ter als 14 Tage vor Mietbeginn 100 % des Mietpreises.&nbsp;<\/p>\n\n\n\n<p>Gleichwohl ist der Vermieter bem\u00fcht, das Mietobjekt anderweitig zu vermieten.<\/p>\n\n\n\n<p>Bricht der Mieter den Aufenthalt vorzeitig ab, bleibt er zur Zahlung des vollen Mietpreises verpflichtet.&nbsp;<\/p>\n\n\n\n<p>Eine Stornierung bzw. K\u00fcndigung kann nur schriftlich erfolgen. Ma\u00dfgeblich ist der Tag des Zugangs der&nbsp;Erkl\u00e4rung bei dem Vermieter.&nbsp;<\/p>\n\n\n\n<p class=\"has-primary-color has-text-color has-link-color wp-elements-c72889927e0ffa902d6b950e1eb64eab\"><em>Um sich vor Stornierungskosten zu sch\u00fctzen, die ggf. durch Krankheit o.\u00e4. anfallen k\u00f6nnten, weisen wir Sie auf die M\u00f6glichkeit einer Reiser\u00fccktrittversicherung hin. Bitte sprechen Sie dazu mit Ihrem Versicherungsmakler!<\/em><\/p>\n\n\n\n<div class=\"wp-block-file\"><a id=\"wp-block-file--media-b1d377a3-5867-490d-8d4a-d3247c630826\" href=\"https:\/\/www.fewo-rb.de\/wp-content\/uploads\/2024\/11\/Allgemeine-Geschaeftsbedingungen.pdf\" target=\"_blank\" rel=\"noreferrer noopener\">Allgemeine Gesch\u00e4ftsbedingungen<\/a><\/div>\n\n\n\n<div class=\"wp-block-file\"><a id=\"wp-block-file--media-2075b46c-a0d4-4206-ad7e-c1dc7ddbdb49\" href=\"https:\/\/www.fewo-rb.de\/wp-content\/uploads\/2024\/11\/Hausordnung.pdf\" target=\"_blank\" rel=\"noreferrer noopener\">Hausordnung<\/a><\/div>\n\n\n\n<p><\/p>\n","protected":false},"excerpt":{"rendered":"<p>ab 80\u20ac pro Nacht \u2022 f\u00fcr 2 Personen\u2022 Mindest\u00fcbernachtungen: 3 N\u00e4chte\u2022 jede weitere Person: 10 \u20ac pro Nacht (max. 4 Personen gesamt)\u2022 70 \u20ac Aufpreis [&#8230;]<\/p>\n","protected":false},"author":1,"featured_media":0,"parent":0,"menu_order":0,"comment_status":"closed","ping_status":"closed","template":"","meta":{"pgc_sgb_lightbox_settings":"","footnotes":""},"class_list":["post-127","page","type-page","status-publish","hentry"],"yoast_head":"<!-- This site is optimized with the Yoast SEO plugin v25.6 - https:\/\/yoast.com\/wordpress\/plugins\/seo\/ -->\n<title>Preise - Ferienwohnung Dreil\u00e4ndereck<\/title>\n<meta name=\"robots\" content=\"index, follow, max-snippet:-1, max-image-preview:large, max-video-preview:-1\" \/>\n<link rel=\"canonical\" href=\"https:\/\/www.fewo-rb.de\/index.php\/preise\/\" \/>\n<meta property=\"og:locale\" content=\"de_DE\" \/>\n<meta property=\"og:type\" content=\"article\" \/>\n<meta property=\"og:title\" content=\"Preise - Ferienwohnung Dreil\u00e4ndereck\" \/>\n<meta property=\"og:description\" content=\"ab 80\u20ac pro Nacht \u2022 f\u00fcr 2 Personen\u2022 Mindest\u00fcbernachtungen: 3 N\u00e4chte\u2022 jede weitere Person: 10 \u20ac pro Nacht (max. 4 Personen gesamt)\u2022 70 \u20ac Aufpreis [...]\" \/>\n<meta property=\"og:url\" content=\"https:\/\/www.fewo-rb.de\/index.php\/preise\/\" \/>\n<meta property=\"og:site_name\" content=\"Ferienwohnung Dreil\u00e4ndereck\" \/>\n<meta property=\"article:publisher\" content=\"https:\/\/www.facebook.com\/regina.boll.58\" \/>\n<meta property=\"article:modified_time\" content=\"2025-08-27T11:51:01+00:00\" \/>\n<meta name=\"twitter:card\" content=\"summary_large_image\" \/>\n<meta name=\"twitter:label1\" content=\"Gesch\u00e4tzte Lesezeit\" \/>\n\t<meta name=\"twitter:data1\" content=\"1\u00a0Minute\" \/>\n<script type=\"application\/ld+json\" class=\"yoast-schema-graph\">{\"@context\":\"https:\/\/schema.org\",\"@graph\":[{\"@type\":\"WebPage\",\"@id\":\"https:\/\/www.fewo-rb.de\/index.php\/preise\/\",\"url\":\"https:\/\/www.fewo-rb.de\/index.php\/preise\/\",\"name\":\"Preise - Ferienwohnung Dreil\u00e4ndereck\",\"isPartOf\":{\"@id\":\"https:\/\/www.fewo-rb.de\/#website\"},\"datePublished\":\"2024-11-08T09:10:33+00:00\",\"dateModified\":\"2025-08-27T11:51:01+00:00\",\"breadcrumb\":{\"@id\":\"https:\/\/www.fewo-rb.de\/index.php\/preise\/#breadcrumb\"},\"inLanguage\":\"de\",\"potentialAction\":[{\"@type\":\"ReadAction\",\"target\":[\"https:\/\/www.fewo-rb.de\/index.php\/preise\/\"]}]},{\"@type\":\"BreadcrumbList\",\"@id\":\"https:\/\/www.fewo-rb.de\/index.php\/preise\/#breadcrumb\",\"itemListElement\":[{\"@type\":\"ListItem\",\"position\":1,\"name\":\"Startseite\",\"item\":\"https:\/\/www.fewo-rb.de\/\"},{\"@type\":\"ListItem\",\"position\":2,\"name\":\"Preise\"}]},{\"@type\":\"WebSite\",\"@id\":\"https:\/\/www.fewo-rb.de\/#website\",\"url\":\"https:\/\/www.fewo-rb.de\/\",\"name\":\"Ferienwohnung Dreil\u00e4ndereck\",\"description\":\"\",\"publisher\":{\"@id\":\"https:\/\/www.fewo-rb.de\/#\/schema\/person\/4de3936a0fef67f171c73532abc4e4cc\"},\"inLanguage\":\"de\"},{\"@type\":[\"Person\",\"Organization\"],\"@id\":\"https:\/\/www.fewo-rb.de\/#\/schema\/person\/4de3936a0fef67f171c73532abc4e4cc\",\"name\":\"Regina Boll\",\"image\":{\"@type\":\"ImageObject\",\"inLanguage\":\"de\",\"@id\":\"https:\/\/www.fewo-rb.de\/#\/schema\/person\/image\/\",\"url\":\"https:\/\/secure.gravatar.com\/avatar\/ce98565cd350bef82869ce1625cedc34880235766048a5d77f7811828ec02735?s=96&d=mm&r=g\",\"contentUrl\":\"https:\/\/secure.gravatar.com\/avatar\/ce98565cd350bef82869ce1625cedc34880235766048a5d77f7811828ec02735?s=96&d=mm&r=g\",\"caption\":\"Regina Boll\"},\"logo\":{\"@id\":\"https:\/\/www.fewo-rb.de\/#\/schema\/person\/image\/\"},\"sameAs\":[\"https:\/\/www.facebook.com\/regina.boll.58\"]}]}<\/script>\n<!-- \/ Yoast SEO plugin. -->","yoast_head_json":{"title":"Preise - Ferienwohnung Dreil\u00e4ndereck","robots":{"index":"index","follow":"follow","max-snippet":"max-snippet:-1","max-image-preview":"max-image-preview:large","max-video-preview":"max-video-preview:-1"},"canonical":"https:\/\/www.fewo-rb.de\/index.php\/preise\/","og_locale":"de_DE","og_type":"article","og_title":"Preise - Ferienwohnung Dreil\u00e4ndereck","og_description":"ab 80\u20ac pro Nacht \u2022 f\u00fcr 2 Personen\u2022 Mindest\u00fcbernachtungen: 3 N\u00e4chte\u2022 jede weitere Person: 10 \u20ac pro Nacht (max. 4 Personen gesamt)\u2022 70 \u20ac Aufpreis [...]","og_url":"https:\/\/www.fewo-rb.de\/index.php\/preise\/","og_site_name":"Ferienwohnung Dreil\u00e4ndereck","article_publisher":"https:\/\/www.facebook.com\/regina.boll.58","article_modified_time":"2025-08-27T11:51:01+00:00","twitter_card":"summary_large_image","twitter_misc":{"Gesch\u00e4tzte Lesezeit":"1\u00a0Minute"},"schema":{"@context":"https:\/\/schema.org","@graph":[{"@type":"WebPage","@id":"https:\/\/www.fewo-rb.de\/index.php\/preise\/","url":"https:\/\/www.fewo-rb.de\/index.php\/preise\/","name":"Preise - Ferienwohnung Dreil\u00e4ndereck","isPartOf":{"@id":"https:\/\/www.fewo-rb.de\/#website"},"datePublished":"2024-11-08T09:10:33+00:00","dateModified":"2025-08-27T11:51:01+00:00","breadcrumb":{"@id":"https:\/\/www.fewo-rb.de\/index.php\/preise\/#breadcrumb"},"inLanguage":"de","potentialAction":[{"@type":"ReadAction","target":["https:\/\/www.fewo-rb.de\/index.php\/preise\/"]}]},{"@type":"BreadcrumbList","@id":"https:\/\/www.fewo-rb.de\/index.php\/preise\/#breadcrumb","itemListElement":[{"@type":"ListItem","position":1,"name":"Startseite","item":"https:\/\/www.fewo-rb.de\/"},{"@type":"ListItem","position":2,"name":"Preise"}]},{"@type":"WebSite","@id":"https:\/\/www.fewo-rb.de\/#website","url":"https:\/\/www.fewo-rb.de\/","name":"Ferienwohnung Dreil\u00e4ndereck","description":"","publisher":{"@id":"https:\/\/www.fewo-rb.de\/#\/schema\/person\/4de3936a0fef67f171c73532abc4e4cc"},"inLanguage":"de"},{"@type":["Person","Organization"],"@id":"https:\/\/www.fewo-rb.de\/#\/schema\/person\/4de3936a0fef67f171c73532abc4e4cc","name":"Regina Boll","image":{"@type":"ImageObject","inLanguage":"de","@id":"https:\/\/www.fewo-rb.de\/#\/schema\/person\/image\/","url":"https:\/\/secure.gravatar.com\/avatar\/ce98565cd350bef82869ce1625cedc34880235766048a5d77f7811828ec02735?s=96&d=mm&r=g","contentUrl":"https:\/\/secure.gravatar.com\/avatar\/ce98565cd350bef82869ce1625cedc34880235766048a5d77f7811828ec02735?s=96&d=mm&r=g","caption":"Regina Boll"},"logo":{"@id":"https:\/\/www.fewo-rb.de\/#\/schema\/person\/image\/"},"sameAs":["https:\/\/www.facebook.com\/regina.boll.58"]}]}},"_links":{"self":[{"href":"https:\/\/www.fewo-rb.de\/index.php\/wp-json\/wp\/v2\/pages\/127","targetHints":{"allow":["GET"]}}],"collection":[{"href":"https:\/\/www.fewo-rb.de\/index.php\/wp-json\/wp\/v2\/pages"}],"about":[{"href":"https:\/\/www.fewo-rb.de\/index.php\/wp-json\/wp\/v2\/types\/page"}],"author":[{"embeddable":true,"href":"https:\/\/www.fewo-rb.de\/index.php\/wp-json\/wp\/v2\/users\/1"}],"replies":[{"embeddable":true,"href":"https:\/\/www.fewo-rb.de\/index.php\/wp-json\/wp\/v2\/comments?post=127"}],"version-history":[{"count":12,"href":"https:\/\/www.fewo-rb.de\/index.php\/wp-json\/wp\/v2\/pages\/127\/revisions"}],"predecessor-version":[{"id":258,"href":"https:\/\/www.fewo-rb.de\/index.php\/wp-json\/wp\/v2\/pages\/127\/revisions\/258"}],"wp:attachment":[{"href":"https:\/\/www.fewo-rb.de\/index.php\/wp-json\/wp\/v2\/media?parent=127"}],"curies":[{"name":"wp","href":"https:\/\/api.w.org\/{rel}","templated":true}]}}

<h2 class="wp-block-heading">ab 80€ pro Nacht</h2>



<p>• für 2 Personen<br>• Mindestübernachtungen: 3 Nächte<br>• jede weitere Person: 10 € pro Nacht (max. 4 Personen gesamt)<br>• 70 € Aufpreis für Kurzbuchung bis 4 Nächte (ab der 5. Übernachtung entfällt der Aufpreis)<br>• Hund: Ein Hund ist im Preis inbegriffen, der zweite Hund kostet 25 € pro Aufenthalt<br>• der Mietpreis ist inkl. aller Nebenkosten<br>• Parkplatz&nbsp;inklusive<br>• Bettwäsche&nbsp;inklusive<br>• Toilettenpapier&nbsp;inklusive<br>• Küchentücher/Küchenrolle/diverse Gewürze/Kaffee/Tees/Spülmittel/ Spülmaschinentabs inklusive<br>• Hand- und Badetücher/Duschvorleger/Handseife inklusive</p>



<h2 class="wp-block-heading has-medium-font-size">Stornierung und Aufenthaltsabbruch</h2>



<p>Kündigung&nbsp;</p>



<p>Bis 14 Tage vor Mietbeginn: kostenfreie Stornierung&nbsp;</p>



<p>Später als 14 Tage vor Mietbeginn 100 % des Mietpreises.&nbsp;</p>



<p>Gleichwohl ist der Vermieter bemüht, das Mietobjekt anderweitig zu vermieten.</p>



<p>Bricht der Mieter den Aufenthalt vorzeitig ab, bleibt er zur Zahlung des vollen Mietpreises verpflichtet.&nbsp;</p>



<p>Eine Stornierung bzw. Kündigung kann nur schriftlich erfolgen. Maßgeblich ist der Tag des Zugangs der&nbsp;Erklärung bei dem Vermieter.&nbsp;</p>



<p class="has-primary-color has-text-color has-link-color wp-elements-c72889927e0ffa902d6b950e1eb64eab"><em>Um sich vor Stornierungskosten zu schützen, die ggf. durch Krankheit o.ä. anfallen könnten, weisen wir Sie auf die Möglichkeit einer Reiserücktrittversicherung hin. Bitte sprechen Sie dazu mit Ihrem Versicherungsmakler!</em></p>



<div class="wp-block-file"><a id="wp-block-file--media-b1d377a3-5867-490d-8d4a-d3247c630826" href="https://www.fewo-rb.de/wp-content/uploads/2024/11/Allgemeine-Geschaeftsbedingungen.pdf" target="_blank" rel="noreferrer noopener">Allgemeine Geschäftsbedingungen</a></div>



<div class="wp-block-file"><a id="wp-block-file--media-2075b46c-a0d4-4206-ad7e-c1dc7ddbdb49" href="https://www.fewo-rb.de/wp-content/uploads/2024/11/Hausordnung.pdf" target="_blank" rel="noreferrer noopener">Hausordnung</a></div>



<p></p>

<p>ab 80€ pro Nacht • für 2 Personen• Mindestübernachtungen: 3 Nächte• jede weitere Person: 10 € pro Nacht (max. 4 Personen gesamt)• 70 € Aufpreis [&#8230;]</p>

<!-- This site is optimized with the Yoast SEO plugin v25.6 - https://yoast.com/wordpress/plugins/seo/ -->
<title>Preise - Ferienwohnung Dreiländereck</title>
<meta name="robots" content="index, follow, max-snippet:-1, max-image-preview:large, max-video-preview:-1" />
<link rel="canonical" href="https://www.fewo-rb.de/index.php/preise/" />
<meta property="og:locale" content="de_DE" />
<meta property="og:type" content="article" />
<meta property="og:title" content="Preise - Ferienwohnung Dreiländereck" />
<meta property="og:description" content="ab 80€ pro Nacht • für 2 Personen• Mindestübernachtungen: 3 Nächte• jede weitere Person: 10 € pro Nacht (max. 4 Personen gesamt)• 70 € Aufpreis [...]" />
<meta property="og:url" content="https://www.fewo-rb.de/index.php/preise/" />
<meta property="og:site_name" content="Ferienwohnung Dreiländereck" />
<meta property="article:publisher" content="https://www.facebook.com/regina.boll.58" />
<meta property="article:modified_time" content="2025-08-27T11:51:01+00:00" />
<meta name="twitter:card" content="summary_large_image" />
<meta name="twitter:label1" content="Geschätzte Lesezeit" />
	<meta name="twitter:data1" content="1 Minute" />
<script type="application/ld+json" class="yoast-schema-graph">{"@context":"https://schema.org","@graph":[{"@type":"WebPage","@id":"https://www.fewo-rb.de/index.php/preise/","url":"https://www.fewo-rb.de/index.php/preise/","name":"Preise - Ferienwohnung Dreiländereck","isPartOf":{"@id":"https://www.fewo-rb.de/#website"},"datePublished":"2024-11-08T09:10:33+00:00","dateModified":"2025-08-27T11:51:01+00:00","breadcrumb":{"@id":"https://www.fewo-rb.de/index.php/preise/#breadcrumb"},"inLanguage":"de","potentialAction":[{"@type":"ReadAction","target":["https://www.fewo-rb.de/index.php/preise/"]}]},{"@type":"BreadcrumbList","@id":"https://www.fewo-rb.de/index.php/preise/#breadcrumb","itemListElement":[{"@type":"ListItem","position":1,"name":"Startseite","item":"https://www.fewo-rb.de/"},{"@type":"ListItem","position":2,"name":"Preise"}]},{"@type":"WebSite","@id":"https://www.fewo-rb.de/#website","url":"https://www.fewo-rb.de/","name":"Ferienwohnung Dreiländereck","description":"","publisher":{"@id":"https://www.fewo-rb.de/#/schema/person/4de3936a0fef67f171c73532abc4e4cc"},"inLanguage":"de"},{"@type":["Person","Organization"],"@id":"https://www.fewo-rb.de/#/schema/person/4de3936a0fef67f171c73532abc4e4cc","name":"Regina Boll","image":{"@type":"ImageObject","inLanguage":"de","@id":"https://www.fewo-rb.de/#/schema/person/image/","url":"https://secure.gravatar.com/avatar/ce98565cd350bef82869ce1625cedc34880235766048a5d77f7811828ec02735?s=96&d=mm&r=g","contentUrl":"https://secure.gravatar.com/avatar/ce98565cd350bef82869ce1625cedc34880235766048a5d77f7811828ec02735?s=96&d=mm&r=g","caption":"Regina Boll"},"logo":{"@id":"https://www.fewo-rb.de/#/schema/person/image/"},"sameAs":["https://www.facebook.com/regina.boll.58"]}]}</script>
<!-- / Yoast SEO plugin. -->

Preise - Ferienwohnung Dreiländereck

ab 80€ pro Nacht • für 2 Personen• Mindestübernachtungen: 3 Nächte• jede weitere Person: 10 € pro Nacht (max. 4 Personen gesamt)• 70 € Aufpreis [...]

Ferienwohnung Dreiländereck
